{"id":2966,"date":"2025-05-10T10:04:54","date_gmt":"2025-05-10T08:04:54","guid":{"rendered":"https:\/\/ilovemusic.top\/?page_id=2966"},"modified":"2025-05-10T19:17:15","modified_gmt":"2025-05-10T17:17:15","slug":"noticias","status":"publish","type":"page","link":"https:\/\/ilovemusic.top\/index.php\/noticias\/","title":{"rendered":"NOTICIAS"},"content":{"rendered":"\t\t<div data-elementor-type=\"wp-page\" data-elementor-id=\"2966\" class=\"elementor elementor-2966\" data-elementor-post-type=\"page\">\n\t\t\t\t\t\t<section class=\"elementor-section elementor-top-section elementor-element elementor-element-ea9e879 elementor-section-boxed elementor-section-height-default elementor-section-height-default\" data-id=\"ea9e879\" data-element_type=\"section\">\n\t\t\t\t\t\t<div class=\"elementor-container elementor-column-gap-default\">\n\t\t\t\t\t<div class=\"elementor-column elementor-col-100 elementor-top-column elementor-element elementor-element-b53f65f\" data-id=\"b53f65f\" data-element_type=\"column\">\n\t\t\t<div class=\"elementor-widget-wrap elementor-element-populated\">\n\t\t\t\t\t\t<div class=\"elementor-element elementor-element-f61c692 elementor-widget elementor-widget-mt-gradient-heading\" data-id=\"f61c692\" data-element_type=\"widget\" data-widget_type=\"mt-gradient-heading.default\">\n\t\t\t\t<div class=\"elementor-widget-container\">\n\t\t\t\t\t<h1 class=\"mighty-gradient-heading\">NUESTRAS NOTICIAS<\/h1>        \t\t\t\t<\/div>\n\t\t\t\t<\/div>\n\t\t\t\t<div class=\"elementor-element elementor-element-43b7c74 elementor-widget elementor-widget-contentviews_widget_list1\" data-id=\"43b7c74\" data-element_type=\"widget\" data-widget_type=\"contentviews_widget_list1.default\">\n\t\t\t\t<div class=\"elementor-widget-container\">\n\t\t\t\t\t<div class='pt-cv-wrapper'> <div class=\"pt-cv-view pt-cv-blockgrid iscvblock iscvelementor list1 layout1\" id=\"pt-cv-view-43b7c74\"><div data-id=\"pt-cv-page-1\" class=\"pt-cv-page\" data-cvc=\"1\"><div class=\" pt-cv-content-item pt-cv-2-col\" ><div class=\"pt-cv-thumb-wrapper pull-left \"><a href=\"https:\/\/ilovemusic.top\/index.php\/2025\/05\/24\/alejandro-sanz-regresa-a-la-escena-con-su-nuevo-ep-y-ahora-que\/\" class=\"_self pt-cv-href-thumbnail pt-cv-thumb-left\" target=\"_self\" ><img fetchpriority=\"high\" decoding=\"async\" width=\"1024\" height=\"576\" src=\"https:\/\/ilovemusic.top\/wp-content\/uploads\/2025\/05\/alejandro-1024x576.jpg\" class=\"pt-cv-thumbnail pull-left\" alt=\"\" \/><\/a><\/div>\n<div class=\"pt-cv-colwrap\"><div class=\"pt-cv-taxoterm above_title\"><a href='https:\/\/ilovemusic.top\/index.php\/category\/noticias\/' title='NOTICIAS' class='pt-cv-tax-noticias'>NOTICIAS<\/a><\/div><h4 class=\"pt-cv-title\"><a href=\"https:\/\/ilovemusic.top\/index.php\/2025\/05\/24\/alejandro-sanz-regresa-a-la-escena-con-su-nuevo-ep-y-ahora-que\/\" class=\"_self\" target=\"_self\" >ALEJANDRO SANZ REGRESA A LA ESCENA CON SU NUEVO EP \u00bfY AHORA QU\u00c9?<\/a><\/h4><div class=\"pt-cv-content\">ALEJANDRO SANZ REGRESA A LA ESCENA CON SU NUEVO EP \u00bfY AHORA QU\u00c9? El artista madrile\u00f1o inicia una nueva etapa ...<\/div><div class=\"pt-cv-rmwrap\"><a href=\"https:\/\/ilovemusic.top\/index.php\/2025\/05\/24\/alejandro-sanz-regresa-a-la-escena-con-su-nuevo-ep-y-ahora-que\/\" class=\"_self pt-cv-readmore btn btn-success\" target=\"_self\" >Leer M\u00e1s<\/a><\/div><\/div><\/div>\n<div class=\" pt-cv-content-item pt-cv-2-col\" ><div class=\"pt-cv-thumb-wrapper pull-left \"><a href=\"https:\/\/ilovemusic.top\/index.php\/2025\/05\/21\/melody-rompe-su-silencio-tras-eurovision-2025-ni-me-escondo-ni-hay-nada-raro\/\" class=\"_self pt-cv-href-thumbnail pt-cv-thumb-left\" target=\"_self\" ><img decoding=\"async\" width=\"1024\" height=\"559\" src=\"https:\/\/ilovemusic.top\/wp-content\/uploads\/2025\/05\/melody-telecinco-1200-1024x559.jpg\" class=\"pt-cv-thumbnail pull-left\" alt=\"\" \/><\/a><\/div>\n<div class=\"pt-cv-colwrap\"><div class=\"pt-cv-taxoterm above_title\"><a href='https:\/\/ilovemusic.top\/index.php\/category\/noticias\/' title='NOTICIAS' class='pt-cv-tax-noticias'>NOTICIAS<\/a><\/div><h4 class=\"pt-cv-title\"><a href=\"https:\/\/ilovemusic.top\/index.php\/2025\/05\/21\/melody-rompe-su-silencio-tras-eurovision-2025-ni-me-escondo-ni-hay-nada-raro\/\" class=\"_self\" target=\"_self\" >Melody rompe su silencio tras Eurovisi\u00f3n 2025: \u201cNi me escondo ni hay nada raro\u201d<\/a><\/h4><div class=\"pt-cv-content\">Melody rompe su silencio tras Eurovisi\u00f3n 2025: \u201cNi me escondo ni hay nada raro\u201d Despu\u00e9s de su participaci\u00f3n en Eurovisi\u00f3n ...<\/div><div class=\"pt-cv-rmwrap\"><a href=\"https:\/\/ilovemusic.top\/index.php\/2025\/05\/21\/melody-rompe-su-silencio-tras-eurovision-2025-ni-me-escondo-ni-hay-nada-raro\/\" class=\"_self pt-cv-readmore btn btn-success\" target=\"_self\" >Leer M\u00e1s<\/a><\/div><\/div><\/div>\n<div class=\" pt-cv-content-item pt-cv-2-col\" ><div class=\"pt-cv-thumb-wrapper pull-left \"><a href=\"https:\/\/ilovemusic.top\/index.php\/2025\/05\/13\/andy-y-lucas-en-el-ojo-del-huracan-por-un-incidente-durante-su-gira-de-despedida\/\" class=\"_self pt-cv-href-thumbnail pt-cv-thumb-left\" target=\"_self\" ><img decoding=\"async\" width=\"1024\" height=\"576\" src=\"https:\/\/ilovemusic.top\/wp-content\/uploads\/2025\/05\/ANDY-1024x576.jpg\" class=\"pt-cv-thumbnail pull-left\" alt=\"\" \/><\/a><\/div>\n<div class=\"pt-cv-colwrap\"><div class=\"pt-cv-taxoterm above_title\"><a href='https:\/\/ilovemusic.top\/index.php\/category\/noticias\/' title='NOTICIAS' class='pt-cv-tax-noticias'>NOTICIAS<\/a><\/div><h4 class=\"pt-cv-title\"><a href=\"https:\/\/ilovemusic.top\/index.php\/2025\/05\/13\/andy-y-lucas-en-el-ojo-del-huracan-por-un-incidente-durante-su-gira-de-despedida\/\" class=\"_self\" target=\"_self\" >Andy y Lucas, en el ojo del hurac\u00e1n por un incidente durante su gira de despedida<\/a><\/h4><div class=\"pt-cv-content\">Andy y Lucas, en el ojo del hurac\u00e1n por un incidente durante su gira de despedida Badajoz, 9 de mayo ...<\/div><div class=\"pt-cv-rmwrap\"><a href=\"https:\/\/ilovemusic.top\/index.php\/2025\/05\/13\/andy-y-lucas-en-el-ojo-del-huracan-por-un-incidente-durante-su-gira-de-despedida\/\" class=\"_self pt-cv-readmore btn btn-success\" target=\"_self\" >Leer M\u00e1s<\/a><\/div><\/div><\/div>\n<div class=\" pt-cv-content-item pt-cv-2-col\" ><div class=\"pt-cv-thumb-wrapper pull-left \"><a href=\"https:\/\/ilovemusic.top\/index.php\/2025\/05\/13\/frank-cuesta-se-confiesa-el-cancer-el-refugio-de-animales-y-mis-acusaciones-a-mi-ex-todo-fue-mentira\/\" class=\"_self pt-cv-href-thumbnail pt-cv-thumb-left\" target=\"_self\" ><img loading=\"lazy\" decoding=\"async\" width=\"776\" height=\"436\" src=\"https:\/\/ilovemusic.top\/wp-content\/uploads\/2025\/05\/WhatsApp-Image-2025-05-13-at-12.48.04.jpeg\" class=\"pt-cv-thumbnail pull-left\" alt=\"\" \/><\/a><\/div>\n<div class=\"pt-cv-colwrap\"><div class=\"pt-cv-taxoterm above_title\"><a href='https:\/\/ilovemusic.top\/index.php\/category\/noticias\/' title='NOTICIAS' class='pt-cv-tax-noticias'>NOTICIAS<\/a><\/div><h4 class=\"pt-cv-title\"><a href=\"https:\/\/ilovemusic.top\/index.php\/2025\/05\/13\/frank-cuesta-se-confiesa-el-cancer-el-refugio-de-animales-y-mis-acusaciones-a-mi-ex-todo-fue-mentira\/\" class=\"_self\" target=\"_self\" >FRANK CUESTA SE CONFIESA: EL C\u00c1NCER, EL REFUGIO DE ANIMALES, Y MIS ACUSACIONES A MI EX&#8230; TODO FUE MENTIRA<\/a><\/h4><div class=\"pt-cv-content\">FRANK CUESTA SE CONFIESA: TODO FU\u00c9 MENTIRA ...<\/div><div class=\"pt-cv-rmwrap\"><a href=\"https:\/\/ilovemusic.top\/index.php\/2025\/05\/13\/frank-cuesta-se-confiesa-el-cancer-el-refugio-de-animales-y-mis-acusaciones-a-mi-ex-todo-fue-mentira\/\" class=\"_self pt-cv-readmore btn btn-success\" target=\"_self\" >Leer M\u00e1s<\/a><\/div><\/div><\/div>\n<div class=\" pt-cv-content-item pt-cv-2-col\" ><div class=\"pt-cv-thumb-wrapper pull-left \"><a href=\"https:\/\/ilovemusic.top\/index.php\/2025\/05\/12\/dua-lipa-deslumbra-en-su-concierto-homenajeando-a-enrique-iglesias\/\" class=\"_self pt-cv-href-thumbnail pt-cv-thumb-left\" target=\"_self\" ><img loading=\"lazy\" decoding=\"async\" width=\"499\" height=\"275\" src=\"https:\/\/ilovemusic.top\/wp-content\/uploads\/2025\/05\/dualipa.jpg\" class=\"pt-cv-thumbnail pull-left\" alt=\"\" \/><\/a><\/div>\n<div class=\"pt-cv-colwrap\"><div class=\"pt-cv-taxoterm above_title\"><a href='https:\/\/ilovemusic.top\/index.php\/category\/noticias\/' title='NOTICIAS' class='pt-cv-tax-noticias'>NOTICIAS<\/a><\/div><h4 class=\"pt-cv-title\"><a href=\"https:\/\/ilovemusic.top\/index.php\/2025\/05\/12\/dua-lipa-deslumbra-en-su-concierto-homenajeando-a-enrique-iglesias\/\" class=\"_self\" target=\"_self\" >DUA LIPA DESLUMBRA EN SU CONCIERTO HOMENAJEANDO A ENRIQUE IGLESIAS<\/a><\/h4><div class=\"pt-cv-content\">Dua Lipa deslumbra en Madrid con un espect\u00e1culo explosivo y homenaje en espa\u00f1ol a Enrique Iglesias Madrid, 11 de mayo ...<\/div><div class=\"pt-cv-rmwrap\"><a href=\"https:\/\/ilovemusic.top\/index.php\/2025\/05\/12\/dua-lipa-deslumbra-en-su-concierto-homenajeando-a-enrique-iglesias\/\" class=\"_self pt-cv-readmore btn btn-success\" target=\"_self\" >Leer M\u00e1s<\/a><\/div><\/div><\/div>\n<div class=\" pt-cv-content-item pt-cv-2-col\" ><div class=\"pt-cv-thumb-wrapper pull-left \"><a href=\"https:\/\/ilovemusic.top\/index.php\/2025\/05\/12\/sasha-y-milanhijos-de-shakira-y-pique-debutan-con-la-cancion-the-one\/\" class=\"_self pt-cv-href-thumbnail pt-cv-thumb-left\" target=\"_self\" ><img loading=\"lazy\" decoding=\"async\" width=\"695\" height=\"421\" src=\"https:\/\/ilovemusic.top\/wp-content\/uploads\/2025\/05\/MILAN.jpg\" class=\"pt-cv-thumbnail pull-left\" alt=\"\" \/><\/a><\/div>\n<div class=\"pt-cv-colwrap\"><div class=\"pt-cv-taxoterm above_title\"><a href='https:\/\/ilovemusic.top\/index.php\/category\/noticias\/' title='NOTICIAS' class='pt-cv-tax-noticias'>NOTICIAS<\/a><\/div><h4 class=\"pt-cv-title\"><a href=\"https:\/\/ilovemusic.top\/index.php\/2025\/05\/12\/sasha-y-milanhijos-de-shakira-y-pique-debutan-con-la-cancion-the-one\/\" class=\"_self\" target=\"_self\" >SASHA Y MILAN,HIJOS DE SHAKIRA Y PIQU\u00c9, DEBUTAN CON LA CANCI\u00d3N &#8220;THE ONE&#8221;<\/a><\/h4><div class=\"pt-cv-content\">Milan y Sasha, hijos de Shakira, debutan en la m\u00fasica con \"The One\" Los hijos de Shakira y Gerard Piqu\u00e9, ...<\/div><div class=\"pt-cv-rmwrap\"><a href=\"https:\/\/ilovemusic.top\/index.php\/2025\/05\/12\/sasha-y-milanhijos-de-shakira-y-pique-debutan-con-la-cancion-the-one\/\" class=\"_self pt-cv-readmore btn btn-success\" target=\"_self\" >Leer M\u00e1s<\/a><\/div><\/div><\/div>\n<div class=\" pt-cv-content-item pt-cv-2-col\" ><div class=\"pt-cv-thumb-wrapper pull-left \"><a href=\"https:\/\/ilovemusic.top\/index.php\/2025\/05\/12\/manana-arranca-eurovision\/\" class=\"_self pt-cv-href-thumbnail pt-cv-thumb-left\" target=\"_self\" ><img loading=\"lazy\" decoding=\"async\" width=\"712\" height=\"400\" src=\"https:\/\/ilovemusic.top\/wp-content\/uploads\/2025\/05\/MELODY2.jpg\" class=\"pt-cv-thumbnail pull-left\" alt=\"\" \/><\/a><\/div>\n<div class=\"pt-cv-colwrap\"><div class=\"pt-cv-taxoterm above_title\"><a href='https:\/\/ilovemusic.top\/index.php\/category\/noticias\/' title='NOTICIAS' class='pt-cv-tax-noticias'>NOTICIAS<\/a><\/div><h4 class=\"pt-cv-title\"><a href=\"https:\/\/ilovemusic.top\/index.php\/2025\/05\/12\/manana-arranca-eurovision\/\" class=\"_self\" target=\"_self\" >MA\u00d1ANA&#8230;.. ARRANCA EUROVISI\u00d3N<\/a><\/h4><div class=\"pt-cv-content\">MA\u00d1ANA ARRANCA EUROVISI\u00d3N Ma\u00f1ana comienzan las semifinales de Eurovisi\u00f3n 2025: Espa\u00f1a ya est\u00e1 en la final, pero actuar\u00e1 en la ...<\/div><div class=\"pt-cv-rmwrap\"><a href=\"https:\/\/ilovemusic.top\/index.php\/2025\/05\/12\/manana-arranca-eurovision\/\" class=\"_self pt-cv-readmore btn btn-success\" target=\"_self\" >Leer M\u00e1s<\/a><\/div><\/div><\/div>\n<div class=\" pt-cv-content-item pt-cv-2-col\" ><div class=\"pt-cv-thumb-wrapper pull-left \"><a href=\"https:\/\/ilovemusic.top\/index.php\/2025\/05\/11\/44-anos-sin-bob-marley\/\" class=\"_self pt-cv-href-thumbnail pt-cv-thumb-left\" target=\"_self\" ><img loading=\"lazy\" decoding=\"async\" width=\"1024\" height=\"675\" src=\"https:\/\/ilovemusic.top\/wp-content\/uploads\/2025\/05\/Bob-Marley-1.jpg\" class=\"pt-cv-thumbnail pull-left\" alt=\"\" \/><\/a><\/div>\n<div class=\"pt-cv-colwrap\"><div class=\"pt-cv-taxoterm above_title\"><a href='https:\/\/ilovemusic.top\/index.php\/category\/noticias\/' title='NOTICIAS' class='pt-cv-tax-noticias'>NOTICIAS<\/a><\/div><h4 class=\"pt-cv-title\"><a href=\"https:\/\/ilovemusic.top\/index.php\/2025\/05\/11\/44-anos-sin-bob-marley\/\" class=\"_self\" target=\"_self\" >44 A\u00d1OS SIN BOB MARLEY<\/a><\/h4><div class=\"pt-cv-content\">44 A\u00d1OS SIN BOB MARLEY Hoy, 11 de mayo de 2025, se conmemora el 44.\u00ba aniversario del fallecimiento de Bob ...<\/div><div class=\"pt-cv-rmwrap\"><a href=\"https:\/\/ilovemusic.top\/index.php\/2025\/05\/11\/44-anos-sin-bob-marley\/\" class=\"_self pt-cv-readmore btn btn-success\" target=\"_self\" >Leer M\u00e1s<\/a><\/div><\/div><\/div>\n<div class=\" pt-cv-content-item pt-cv-2-col\" ><div class=\"pt-cv-thumb-wrapper pull-left \"><a href=\"https:\/\/ilovemusic.top\/index.php\/2025\/05\/10\/manuel-carrasco-nuevo-disco\/\" class=\"_self pt-cv-href-thumbnail pt-cv-thumb-left\" target=\"_self\" ><img loading=\"lazy\" decoding=\"async\" width=\"1024\" height=\"576\" src=\"https:\/\/ilovemusic.top\/wp-content\/uploads\/2025\/05\/MANUEL-1024x576.png\" class=\"pt-cv-thumbnail pull-left\" alt=\"\" \/><\/a><\/div>\n<div class=\"pt-cv-colwrap\"><div class=\"pt-cv-taxoterm above_title\"><a href='https:\/\/ilovemusic.top\/index.php\/category\/noticias\/' title='NOTICIAS' class='pt-cv-tax-noticias'>NOTICIAS<\/a><\/div><h4 class=\"pt-cv-title\"><a href=\"https:\/\/ilovemusic.top\/index.php\/2025\/05\/10\/manuel-carrasco-nuevo-disco\/\" class=\"_self\" target=\"_self\" >MANUEL CARRASCO: NUEVO DISCO<\/a><\/h4><div class=\"pt-cv-content\">MANUEL CARRASCO LANZA SU NUEVO DISCO Manuel Carrasco ha lanzado su nuevo \u00e1lbum Pueblo Salvaje II el 9 de mayo ...<\/div><div class=\"pt-cv-rmwrap\"><a href=\"https:\/\/ilovemusic.top\/index.php\/2025\/05\/10\/manuel-carrasco-nuevo-disco\/\" class=\"_self pt-cv-readmore btn btn-success\" target=\"_self\" >Leer M\u00e1s<\/a><\/div><\/div><\/div>\n<div class=\" pt-cv-content-item pt-cv-2-col\" ><div class=\"pt-cv-thumb-wrapper pull-left \"><a href=\"https:\/\/ilovemusic.top\/index.php\/2025\/05\/10\/sid-vicious-vive-rapido-muere-joven\/\" class=\"_self pt-cv-href-thumbnail pt-cv-thumb-left\" target=\"_self\" ><img loading=\"lazy\" decoding=\"async\" width=\"640\" height=\"424\" src=\"https:\/\/ilovemusic.top\/wp-content\/uploads\/2025\/05\/sid-1.jpg\" class=\"pt-cv-thumbnail pull-left\" alt=\"\" \/><\/a><\/div>\n<div class=\"pt-cv-colwrap\"><div class=\"pt-cv-taxoterm above_title\"><a href='https:\/\/ilovemusic.top\/index.php\/category\/noticias\/' title='NOTICIAS' class='pt-cv-tax-noticias'>NOTICIAS<\/a><\/div><h4 class=\"pt-cv-title\"><a href=\"https:\/\/ilovemusic.top\/index.php\/2025\/05\/10\/sid-vicious-vive-rapido-muere-joven\/\" class=\"_self\" target=\"_self\" >SID VICIOUS&#8230;VIVE R\u00c1PIDO&#8230;MUERE JOVEN<\/a><\/h4><div class=\"pt-cv-content\">SID VICIOUS, VIVE RAPIDO...MUERE JOVEN Sid Vicious habr\u00eda cumplido 68 a\u00f1os hoy: el \u00edcono punk que vivi\u00f3 r\u00e1pido y muri\u00f3 ...<\/div><div class=\"pt-cv-rmwrap\"><a href=\"https:\/\/ilovemusic.top\/index.php\/2025\/05\/10\/sid-vicious-vive-rapido-muere-joven\/\" class=\"_self pt-cv-readmore btn btn-success\" target=\"_self\" >Leer M\u00e1s<\/a><\/div><\/div><\/div>\n<div class=\" pt-cv-content-item pt-cv-2-col\" ><div class=\"pt-cv-thumb-wrapper pull-left \"><a href=\"https:\/\/ilovemusic.top\/index.php\/2025\/05\/10\/leon-xiv-apasionado-por-la-musica\/\" class=\"_self pt-cv-href-thumbnail pt-cv-thumb-left\" target=\"_self\" ><img loading=\"lazy\" decoding=\"async\" width=\"700\" height=\"480\" src=\"https:\/\/ilovemusic.top\/wp-content\/uploads\/2025\/05\/PAPA.png\" class=\"pt-cv-thumbnail pull-left\" alt=\"\" \/><\/a><\/div>\n<div class=\"pt-cv-colwrap\"><div class=\"pt-cv-taxoterm above_title\"><a href='https:\/\/ilovemusic.top\/index.php\/category\/noticias\/' title='NOTICIAS' class='pt-cv-tax-noticias'>NOTICIAS<\/a><\/div><h4 class=\"pt-cv-title\"><a href=\"https:\/\/ilovemusic.top\/index.php\/2025\/05\/10\/leon-xiv-apasionado-por-la-musica\/\" class=\"_self\" target=\"_self\" >LE\u00d3N XIV &#8230; APASIONADO POR LA M\u00daSICA<\/a><\/h4><div class=\"pt-cv-content\">LE\u00d3N XIV ... UN PAPA ROCKERO El Papa Le\u00f3n XIV sorprende al mundo con su faceta de cantanteTras ingresar a ...<\/div><div class=\"pt-cv-rmwrap\"><a href=\"https:\/\/ilovemusic.top\/index.php\/2025\/05\/10\/leon-xiv-apasionado-por-la-musica\/\" class=\"_self pt-cv-readmore btn btn-success\" target=\"_self\" >Leer M\u00e1s<\/a><\/div><\/div><\/div>\n<div class=\" pt-cv-content-item pt-cv-2-col\" ><div class=\"pt-cv-thumb-wrapper pull-left \"><a href=\"https:\/\/ilovemusic.top\/index.php\/2025\/05\/08\/raphael-regresa-a-los-escenarios\/\" class=\"_self pt-cv-href-thumbnail pt-cv-thumb-left\" target=\"_self\" ><img loading=\"lazy\" decoding=\"async\" width=\"1024\" height=\"682\" src=\"https:\/\/ilovemusic.top\/wp-content\/uploads\/2025\/05\/raphael-1-1024x682.jpg\" class=\"pt-cv-thumbnail pull-left\" alt=\"\" \/><\/a><\/div>\n<div class=\"pt-cv-colwrap\"><div class=\"pt-cv-taxoterm above_title\"><a href='https:\/\/ilovemusic.top\/index.php\/category\/noticias\/' title='NOTICIAS' class='pt-cv-tax-noticias'>NOTICIAS<\/a><\/div><h4 class=\"pt-cv-title\"><a href=\"https:\/\/ilovemusic.top\/index.php\/2025\/05\/08\/raphael-regresa-a-los-escenarios\/\" class=\"_self\" target=\"_self\" >RAPHAEL REGRESA A LOS ESCENARIOS<\/a><\/h4><div class=\"pt-cv-content\">RAPHAEL INCOMBUSTIBLE RAPHAEL ANUNCIA DOS CONCIERTOS EN EL MOVISTAR ARENA DE MADRID LOS D\u00cdAS 7 Y 8 DE DICIEMBRE DE ...<\/div><div class=\"pt-cv-rmwrap\"><a href=\"https:\/\/ilovemusic.top\/index.php\/2025\/05\/08\/raphael-regresa-a-los-escenarios\/\" class=\"_self pt-cv-readmore btn btn-success\" target=\"_self\" >Leer M\u00e1s<\/a><\/div><\/div><\/div>\n<div class=\" pt-cv-content-item pt-cv-2-col\" ><div class=\"pt-cv-thumb-wrapper pull-left \"><a href=\"https:\/\/ilovemusic.top\/index.php\/2025\/05\/08\/enrique-iglesias-cumple-50-anos\/\" class=\"_self pt-cv-href-thumbnail pt-cv-thumb-left\" target=\"_self\" ><img loading=\"lazy\" decoding=\"async\" width=\"1024\" height=\"795\" src=\"https:\/\/ilovemusic.top\/wp-content\/uploads\/2025\/05\/bono-1024x795.jpg\" class=\"pt-cv-thumbnail pull-left\" alt=\"\" \/><\/a><\/div>\n<div class=\"pt-cv-colwrap\"><div class=\"pt-cv-taxoterm above_title\"><a href='https:\/\/ilovemusic.top\/index.php\/category\/noticias\/' title='NOTICIAS' class='pt-cv-tax-noticias'>NOTICIAS<\/a><\/div><h4 class=\"pt-cv-title\"><a href=\"https:\/\/ilovemusic.top\/index.php\/2025\/05\/08\/enrique-iglesias-cumple-50-anos\/\" class=\"_self\" target=\"_self\" >BONO CUMPLE 65 A\u00d1OS<\/a><\/h4><div class=\"pt-cv-content\">BONO CUMPLE 65 CASTA\u00d1AS Bono cumple 65 a\u00f1os: una vida marcada por la m\u00fasica y el activismoEste 10 de mayo ...<\/div><div class=\"pt-cv-rmwrap\"><a href=\"https:\/\/ilovemusic.top\/index.php\/2025\/05\/08\/enrique-iglesias-cumple-50-anos\/\" class=\"_self pt-cv-readmore btn btn-success\" target=\"_self\" >Leer M\u00e1s<\/a><\/div><\/div><\/div>\n<div class=\" pt-cv-content-item pt-cv-2-col\" ><div class=\"pt-cv-thumb-wrapper pull-left \"><a href=\"https:\/\/ilovemusic.top\/index.php\/2025\/05\/08\/melody-ya-esta-en-suiza\/\" class=\"_self pt-cv-href-thumbnail pt-cv-thumb-left\" target=\"_self\" ><img loading=\"lazy\" decoding=\"async\" width=\"800\" height=\"450\" src=\"https:\/\/ilovemusic.top\/wp-content\/uploads\/2025\/05\/melody.jpg\" class=\"pt-cv-thumbnail pull-left\" alt=\"\" \/><\/a><\/div>\n<div class=\"pt-cv-colwrap\"><div class=\"pt-cv-taxoterm above_title\"><a href='https:\/\/ilovemusic.top\/index.php\/category\/noticias\/' title='NOTICIAS' class='pt-cv-tax-noticias'>NOTICIAS<\/a><\/div><h4 class=\"pt-cv-title\"><a href=\"https:\/\/ilovemusic.top\/index.php\/2025\/05\/08\/melody-ya-esta-en-suiza\/\" class=\"_self\" target=\"_self\" >Melody ya est\u00e1 en Suiza<\/a><\/h4><div class=\"pt-cv-content\">MELODY... YA EST\u00c1 EN SUIZA Melody ya est\u00e1 en Suiza para representar a Espa\u00f1a en Eurovisi\u00f3n 2025 La cantante sevillana ...<\/div><div class=\"pt-cv-rmwrap\"><a href=\"https:\/\/ilovemusic.top\/index.php\/2025\/05\/08\/melody-ya-esta-en-suiza\/\" class=\"_self pt-cv-readmore btn btn-success\" target=\"_self\" >Leer M\u00e1s<\/a><\/div><\/div><\/div><\/div><\/div> <\/div> \t\t\t\t<\/div>\n\t\t\t\t<\/div>\n\t\t\t\t\t<\/div>\n\t\t<\/div>\n\t\t\t\t\t<\/div>\n\t\t<\/section>\n\t\t\t\t<\/div>\n\t\t","protected":false},"excerpt":{"rendered":"<p>NUESTRAS NOTICIAS NOTICIAS MANUEL CARRASCO: NUEVO DISCO MANUEL CARRASCO LANZA SU NUEVO DISCO Manuel Carrasco ha lanzado su nuevo \u00e1lbum Pueblo Salvaje II el 9 de mayo &#8230;Leer M\u00e1s NOTICIAS SID VICIOUS&#8230;VIVE R\u00c1PIDO&#8230;MUERE JOVEN SID VICIOUS, VIVE RAPIDO&#8230;MUERE JOVEN Sid Vicious habr\u00eda cumplido 68 a\u00f1os hoy: el \u00edcono punk que vivi\u00f3 r\u00e1pido y muri\u00f3 &#8230;Leer [&hellip;]<\/p>\n","protected":false},"author":1,"featured_media":0,"parent":0,"menu_order":0,"comment_status":"closed","ping_status":"closed","template":"","meta":{"site-sidebar-layout":"default","site-content-layout":"","ast-site-content-layout":"default","site-content-style":"default","site-sidebar-style":"default","ast-global-header-display":"","ast-banner-title-visibility":"","ast-main-header-display":"","ast-hfb-above-header-display":"","ast-hfb-below-header-display":"","ast-hfb-mobile-header-display":"","site-post-title":"disabled","ast-breadcrumbs-content":"","ast-featured-img":"","footer-sml-layout":"","ast-disable-related-posts":"","theme-transparent-header-meta":"","adv-header-id-meta":"","stick-header-meta":"","header-above-stick-meta":"","header-main-stick-meta":"","header-below-stick-meta":"","astra-migrate-meta-layouts":"default","ast-page-background-enabled":"default","ast-page-background-meta":{"desktop":{"background-color":"var(--ast-global-color-4)","background-image":"","background-repeat":"repeat","background-position":"center center","background-size":"auto","background-attachment":"scroll","background-type":"","background-media":"","overlay-type":"","overlay-color":"","overlay-opacity":"","overlay-gradient":""},"tablet":{"background-color":"","background-image":"","background-repeat":"repeat","background-position":"center center","background-size":"auto","background-attachment":"scroll","background-type":"","background-media":"","overlay-type":"","overlay-color":"","overlay-opacity":"","overlay-gradient":""},"mobile":{"background-color":"","background-image":"","background-repeat":"repeat","background-position":"center center","background-size":"auto","background-attachment":"scroll","background-type":"","background-media":"","overlay-type":"","overlay-color":"","overlay-opacity":"","overlay-gradient":""}},"ast-content-background-meta":{"desktop":{"background-color":"var(--ast-global-color-5)","background-image":"","background-repeat":"repeat","background-position":"center center","background-size":"auto","background-attachment":"scroll","background-type":"","background-media":"","overlay-type":"","overlay-color":"","overlay-opacity":"","overlay-gradient":""},"tablet":{"background-color":"var(--ast-global-color-5)","background-image":"","background-repeat":"repeat","background-position":"center center","background-size":"auto","background-attachment":"scroll","background-type":"","background-media":"","overlay-type":"","overlay-color":"","overlay-opacity":"","overlay-gradient":""},"mobile":{"background-color":"var(--ast-global-color-5)","background-image":"","background-repeat":"repeat","background-position":"center center","background-size":"auto","background-attachment":"scroll","background-type":"","background-media":"","overlay-type":"","overlay-color":"","overlay-opacity":"","overlay-gradient":""}},"episode_type":"","audio_file":"","cover_image":"","cover_image_id":"","duration":"","filesize":"","date_recorded":"","explicit":"","block":"","filesize_raw":"","footnotes":""},"class_list":["post-2966","page","type-page","status-publish","hentry"],"_links":{"self":[{"href":"https:\/\/ilovemusic.top\/index.php\/wp-json\/wp\/v2\/pages\/2966","targetHints":{"allow":["GET"]}}],"collection":[{"href":"https:\/\/ilovemusic.top\/index.php\/wp-json\/wp\/v2\/pages"}],"about":[{"href":"https:\/\/ilovemusic.top\/index.php\/wp-json\/wp\/v2\/types\/page"}],"author":[{"embeddable":true,"href":"https:\/\/ilovemusic.top\/index.php\/wp-json\/wp\/v2\/users\/1"}],"replies":[{"embeddable":true,"href":"https:\/\/ilovemusic.top\/index.php\/wp-json\/wp\/v2\/comments?post=2966"}],"version-history":[{"count":11,"href":"https:\/\/ilovemusic.top\/index.php\/wp-json\/wp\/v2\/pages\/2966\/revisions"}],"predecessor-version":[{"id":4373,"href":"https:\/\/ilovemusic.top\/index.php\/wp-json\/wp\/v2\/pages\/2966\/revisions\/4373"}],"wp:attachment":[{"href":"https:\/\/ilovemusic.top\/index.php\/wp-json\/wp\/v2\/media?parent=2966"}],"curies":[{"name":"wp","href":"https:\/\/api.w.org\/{rel}","templated":true}]}}